e -7*r - 3*r + 280 = n. What is the remainder when 80 is divided by r?
24
Calculate the remainder when 473 is divided by (-9)/(-12)*(209 + -5).
14
Suppose 2*u + 18 = 4*t, 5*t = -3*u + 4*u + 30. Suppose -3 = -3*s, 0 = -v + 4*s - t*s + 26. Let y = 151 - 61. Calculate the remainder when y is divided by v.
21
Suppose 3*u + 2*u = 100. Let t = -19 + 24. Suppose -5*v - t*d + 280 = 0, 4*d + 0*d = -v + 53. What is the remainder when v is divided by u?
17
Suppose 3*j = 2*j - 1. What is the remainder when 243/4 + j/(-4) is divided by (-32)/3*(62/(-44) + 117/(-1287))?
13
Suppose 2*v + 0*v = 46. Suppose -7*i = -4*i - 81. Let y = i + -14. What is the remainder when v is divided by y?
10
Suppose -2*s + 3*b = -562, -b - 1268 + 124 = -4*s. What is the remainder when s is divided by 73?
68
Calculate the remainder when (-428)/(-3) - (-12)/36 is divided by (11 - -1)*18/6.
35
Let d(n) = -n**3 - 10*n**2 - 16*n + 5. Let b be d(-8). Suppose -b*o = -2*x - 311, -4*o + 201 + 55 = 2*x. Calculate the remainder when 251 is divided by o.
62
Let m(v) = 3*v + 34. Let f be m(-10). Calculate the remainder when (-3)/(-1) - (f + -176) is divided by 11.
10
Let h(y) = -y**3 - 23*y**2 + 21*y - 70. Let k be h(-24). Let t = -73 + 104. Suppose k*f = t + 43. Calculate the remainder when f is divided by 20.
17
Suppose 3*t + 16 = 121. Let h = -15 + t. Calculate the remainder when 76 is divided by h.
16
Let b = 413 - 216. What is the remainder when b is divided by 9?
8
Suppose 1 = -4*y + 13. Let b be 18/(-24)*-4 + 54. Suppose l - h - b = 0, 5*l - y*h - 291 = -0*h. Calculate the remainder when l is divided by 21.
18
Suppose 5*b + 2*o = b - 516, 520 = -4*b - 3*o. Let c = 213 + b. Calculate the remainder when c is divided by 22.
20
Suppose -663 - 105 = -12*g. What is the remainder when 446 is divided by g?
62
What is the remainder when (-3)/(5/(-180)*2) is divided by 8?
6
Let k(n) = n**2. Let q be k(2). Suppose 31 = q*r + 7. Let u(w) = -w**3 + 5*w**2 + 9*w - 5. Calculate the remainder when 38 is divided by u(r).
12
Let v(d) = 3*d**2 - 34*d - 65. What is the remainder when v(16) is divided by 3?
0
What is the remainder when ((-6)/36 - 343/(-6)) + 0 is divided by 39?
18
Let v = -63 - -67. Suppose -4*x + 3*k + 51 = -x, -3*x = v*k - 23. Calculate the remainder when 32 is divided by x.
6
What is the remainder when (1 - 3/9)/(9/7722) is divided by 72?
68
Suppose -356 = 414*i - 416*i. Calculate the remainder when i is divided by 11.
2
What is the remainder when 15573/435 + (-1)/(-5) + 0 is divided by 34?
2
Let n = -372 + 396. What is the remainder when n is divided by 4?
0
Suppose n = -5*m + 1 + 17, 2*n + 3*m - 22 = 0. Let h = 0 - n. Calculate the remainder when 28 is divided by 2/(h/(-28)) + 3.
8
Calculate the remainder when 238 is divided by 1/(18/36 + (-38)/80).
38
Let b = 3 + -4. Suppose -4*p + 8*f = 3*f - 32, 4*f - 3 = p. Calculate the remainder when p is divided by 76/20 + b/(-5).
1
What is the remainder when 50 is divided by (0 + -14)*10/(-7)?
10
Let x = 6322 + -6220. Suppose -78 = k - 4*k. What is the remainder when x is divided by k?
24
Let c = -44 + 94. Let z = -30 + c. What is the remainder when 78 is divided by z?
18
Let l(h) = h**3 + 5*h**2 - 7*h + 1. Let r be l(-6). Suppose -5*f + 0*t + r = t, 3*f + 3*t - 9 = 0. What is the remainder when 13 is divided by f?
0
Suppose -4*x - x + 40 = 0. Suppose -4*y - 110 = -2*c, -x + 33 = -y - 2*c. Let h = y - -30. What is the remainder when 14 is divided by h?
2
Calculate the remainder when (2 - 17)*330/(-45) is divided by 31.
17
Suppose 36 = 3*d - 24. What is the remainder when -4 + 87 + (20/(-2) - -4) is divided by d?
17
Let l(f) = f + 2. Let h be l(-2). Suppose -5*j + 3*n + 17 = 0, j + 2*n + 7 = -h. What is the remainder when j + 2 + 29 + -3 is divided by 16?
13
Suppose -22 - 8 = 5*j. Suppose 2*p + 2*b - 30 = 0, 5*p + 2*b - 99 = 5*b. Calculate the remainder when (4 + 75/j)*-6 is divided by p.
15
Let q(v) = -v**2 - 22*v - 19. What is the remainder when q(-8) is divided by 19?
17
Suppose o - 5*o = -32. Let u = -173 + 176. Calculate the remainder when o is divided by u.
2
Suppose -5 = -4*h + 43. Calculate the remainder when (-348)/(-15) - (-3)/(-15) is divided by h.
11
Suppose -l + 40 = 3*c, -l = -4*l - 3*c + 114. Let s = -239 - -496. What is the remainder when s is divided by l?
35
Suppose -3*w = -u - 1473, -462 = -w - 3*u + 13*u. What is the remainder when w is divided by 17?
16
Let v(p) = -p**2 - 15*p - 1. Let r = -13 - -3. Let y be v(r). Suppose 9 = -4*i + y. What is the remainder when 37 is divided by i?
7
Let t(j) = -j + 147. Let n(q) = 49. Let g(k) = 7*n(k) - 2*t(k). What is the remainder when g(15) is divided by 20?
19
Let i(s) = -3*s**2 + 78*s + 104. Calculate the remainder when i(26) is divided by 21.
20
Calculate the remainder when -9 + 1 + 108 - 9 is divided by 8.
3
Let g(v) = -v + 20. Let a be g(14). Suppose -5*u - a = -16. Let p(m) = 2*m**2 + m - 1. What is the remainder when u is divided by p(1)?
0
Let k = 336 + -322. What is the remainder when 106 is divided by k?
8
Suppose -3*n = 12, 2*i + 4*n = i + 81. Calculate the remainder when i is divided by 3*((-1)/3)/(9/(-126)).
13
Let z(u) = 2*u**3 + 3*u**2 - 4*u - 6. Calculate the remainder when 39 is divided by z(2).
11
Let d be ((-48)/60)/((-2)/(-20)). Calculate the remainder when d - -6 - (-42)/3 is divided by 5.
2
Suppose -4*g - n = -171, -126 = -3*g - 12*n + 9*n. What is the remainder when g is divided by 2 + 1 - 38/(-2)?
21
Let a = 6 - 2. Suppose -10 = 2*b, a*b + 12 = c - 5. What is the remainder when (2 - 0/c) + 11 is divided by 8?
5
Let i = 64 - 25. Calculate the remainder when i is divided by 22.
17
Calculate the remainder when 84 is divided by 372/9 + (-200)/(-75).
40
Let k = 26 + -10. Let d = k + 11. Calculate the remainder when d is divided by (-12)/1*18/(-36).
3
Let h = -14 + 16. Suppose 0 = -2*m - 3*l + 5*l + 12, 5*l = -h*m - 9. Let i(u) = u**2 + u + 17. What is the remainder when i(0) is divided by m?
2
Let l = -486 + 639. Calculate the remainder when l is divided by 15.
3
Suppose 50*o - 329 - 221 = 0. What is the remainder when 318 is divided by o?
10
Let d(g) = g**3 + 18*g**2 - 5*g - 64. Calculate the remainder when 128 is divided by d(-18).
24
Let p = -2 + -5. Let k(z) be the third derivative of z**6/120 + 7*z**5/60 - z**4/24 - 5*z**3/6 + z**2. What is the remainder when 7 is divided by k(p)?
1
Suppose -57*c + 29532 = 35*c. What is the remainder when c is divided by 25?
21
Let y(k) = -5*k - 7. Let t be y(-2). Let q = 6 - t. Suppose 3*z = q + 30. Calculate the remainder when 21 is divided by z.
10
Let i = -8 + 13. Suppose -b + 4*v + 35 = -0*b, 0 = 2*b + v - 106. Suppose -4*p + 7*p - b = 0. Calculate the remainder when p is divided by i.
2
Let j = 1781 + -1769. Calculate the remainder when 82 is divided by j.
10
Suppose 25 = 5*z - 0*z. Suppose -3*c - z*i = -14, 4*i - 34 = -3*c + 3*i. What is the remainder when 51 is divided by c?
12
What is the remainder when 650 is divided by (-11)/((-231)/49)*6?
6
Suppose 0 = -n - 4*n + 15. Let l(z) = 2*z. Suppose 4*t + 17 = -3*c, 0 = 7*c - 2*c + t. Calculate the remainder when n is divided by l(c).
1
Let r(w) = -14 + 3*w + 2 - 1. Suppose s = 55 - 43. Calculate the remainder when r(s) is divided by 8.
7
Suppose -k + 3 - 13 = 0. Let p(v) = -v + 3 + 2 + 0*v. What is the remainder when p(k) is divided by 6?
3
Let s(p) = -37*p. Suppose 53 - 264 = 2*g + h, 0 = g - 3*h + 102. Calculate the remainder when s(-2) is divided by (-1974)/g + 1/5.
17
Let v(g) = -191*g**3 - 4*g**2 - 5*g - 3. Calculate the remainder when v(-1) is divided by 10.
9
Let i(p) = -p**3 + 8*p**2 - p + 11. Let a be i(8). Suppose -2*q = 0, a*t = -t + 5*q + 76. What is the remainder when 75 is divided by t?
18
Suppose -5*a - 90 = 30. Let b = 43 + a. Calculate the remainder when 72 is divided by b.
15
Let t = -3273 + 3846. Calculate the remainder when t is divided by 72.
69
Let f(r) = 2*r**3 + 4*r**2 - r - 2. Let d be f(-2). Suppose -5*x + 205 = -0*x + j, x + 5*j - 41 = d. Calculate the remainder when 204 is divided by x.
40
Let k(t) = -2*t**2 + t - 4. Let b be k(-4). Calculate the remainder when 28 is divided by 6/(-5)*b/6.
4
What is the remainder when 1258 is divided by (-1080)/300*(-50)/4?
43
Let g(i) = 2*i - 9. Let d be g(6). What is the remainder when (4 + -1)/d*-1 + 37 i